f o.
13
Suppose -4*c + 14 = 6. Suppose c*o + 4 = 114. What are the prime factors of o?
5, 11
Suppose 21 + 23 = -2*j. What are the prime factors of 4/22 - 106/j?
5
Let v be ((-4)/6)/(1/9). What are the prime factors of 4*v*(-3)/24?
3
What are the prime factors of (-130)/(5/(10/(-4)))?
5, 13
Suppose 0 = 2*d - 6, -4*z + 260 = 4*d. Suppose -z = -6*p + 4*p. What are the prime factors of p?
31
Suppose 521 - 179 = 2*j. What are the prime factors of j?
3, 19
Suppose -4*x = -4*u + 132, -170 + 9 = -5*u + x. List the prime factors of (-12 - -7)*u/(-5).
2
Let o(p) = p**2 - 12*p - 1. Suppose -f + 3*f - 6 = 5*m, -5*f - 5*m + 85 = 0. What are the prime factors of o(f)?
2, 3
Let m(n) = -n**3 + 11*n**2 + 13*n - 10. Let x be (-3 - -2) + 14 + -1. List the prime factors of m(x).
2
Let n = 14 - 8. Let o = 1 - n. Let k = 8 + o. What are the prime factors of k?
3
Suppose 4*k - 35 = -3*h, -2*h - 2*k + 7*k - 15 = 0. Let m(r) = r**3 - 6*r**2 + 8*r - 3. List the prime factors of m(h).
2, 3
Let p = 5 - 3. List the prime factors of (-1 - -1) + 3 + p.
5
Let j be (7/3 + -1)*72. Let v be (j/20)/(6/20). Suppose -57 = -3*q - 5*t, -q - 5*t = -v - 13. What are the prime factors of q?
2, 7
Let l = -5 + 9. Suppose 2*z - 4*s = 62, 0*z + 3*z = -l*s + 53. List the prime factors of z.
23
Suppose 4*c - c = 0. Suppose -2*b = -4*b - 3*n + 3, n + 1 = c. What are the prime factors of b?
3
Let t(p) = -p - 5 - 4 + 2. Let l be t(-9). List the prime factors of (5/2 + 0)*l.
5
Let o(a) = -5*a - 29. Let d(s) = s + 6. Let m(h) = 11*d(h) + 2*o(h). Let z = 0 - -13. What are the prime factors of m(z)?
3, 7
Let k(i) = -5*i**3 - 5*i**2 - 3*i - 11. What are the prime factors of k(-4)?
241
Let v = -6 + 12. Let d = -4 + v. List the prime factors of d.
2
Let u be (-5)/((-15)/6) - -1. Suppose 3*v - 134 = -5*m, m + u*m = -4*v + 112. What are the prime factors of m?
5
Suppose -2*u = -0*u. List the prime factors of 24/(2 + u - 1).
2, 3
Let k(i) = -i**3 + 13*i**2 - 6*i + 8. What are the prime factors of k(12)?
2, 5
Let v(i) = 5*i**3 + i**2 - 3*i + 3. Let n be v(1). Let q(c) = c + 1. Let t(l) = 6*l - 1. Let y(p) = -3*q(p) + t(p). What are the prime factors of y(n)?
2, 7
Suppose 4*w + 3*g + 0 - 31 = 0, 0 = 2*w - g - 3. Suppose -2*p = -w*p + 20. What are the prime factors of p?
2, 5
Suppose 3 = -3*k + 6. Let y(v) = 6*v**2 + v - 1. Let q be y(k). Suppose 2*u = q, -4*d + 4*u + 38 = d. What are the prime factors of d?
2, 5
Let h be 2 + -3 + 6 + -3. List the prime factors of (-86)/(-10) - h/(-5).
3
Let h be (-872)/(-20) + (-2)/(-5). List the prime factors of h/3 - (-2)/(-3).
2, 7
Suppose -3*b + 6*b - 84 = 0. List the prime factors of b.
2, 7
What are the prime factors of (36/30)/(2336/(-780) + 3)?
2, 3, 13
Let z = -2 + 5. Let s(r) = 3*r**2 - 2*r + 1. Let b be s(-2). Suppose 0 = -z*m + b + 4. What are the prime factors of m?
7
Suppose 48 = 5*u - 3*u + 2*s, -3*u + 4*s + 107 = 0. List the prime factors of u*(3 + -1 - 1).
29
Suppose 13*w - 1000 = 8*w. List the prime factors of w.
2, 5
Let a = -4 - -37. Let p = -16 + a. List the prime factors of p.
17
Suppose 0 = -13*n + 7*n + 1290. List the prime factors of n.
5, 43
Suppose 2*t + 30 = -t. Let g = -6 - t. Suppose 2*s = -0*s - 3*u + 21, 0 = 4*u - g. What are the prime factors of s?
3
Suppose 4*g - 15 = 1. Suppose 3*h + 5*t = 59, -4*t + g + 25 = h. What are the prime factors of (-3 - h)/(-1*2)?
2
Let k(x) = x**2 - 11*x. List the prime factors of k(14).
2, 3, 7
Let l be (-16)/(-24)*30/4. Suppose 9*p - l*p = 108. List the prime factors of p.
3
Suppose 5*k = k + 144. List the prime factors of k.
2, 3
Let q(l) = -l**3 + 8*l**2 + 4. Let w be q(8). Let b(k) = 2*k - 2. List the prime factors of b(w).
2, 3
Let x = 37 - 21. Suppose -68 = 4*i - x. List the prime factors of 1*-1*(i + 2).
11
Suppose 5*h - 942 = -137. List the prime factors of h.
7, 23
Let c(x) = 2 + 21*x**2 - 3 + 1 + x. List the prime factors of c(1).
2, 11
Let b = 194 - 118. Let s = b - 41. Suppose 9*q - s = 4*q. What are the prime factors of q?
7
Suppose -3*w + 57 = -3*k, 0*k + k = -4*w + 51. What are the prime factors of w?
2, 7
Let h(l) be the third derivative of -1/8*l**4 + 0*l + 1/120*l**6 + l**2 - 1/15*l**5 - 1/3*l**3 + 0. List the prime factors of h(5).
2
Let h be (3 - 4)*(1 + 10). Let k = h - -25. What are the prime factors of k?
2, 7
Let n = 821 - 502. List the prime factors of n.
11, 29
Let h = 0 + -2. Let j = h - -4. What are the prime factors of j?
2
Let b = -78 + 204. What are the prime factors of b?
2, 3, 7
Let j be 96/(-18)*1*-3. Let g be 0 - (-2 + 1) - -13. Suppose -3*s + j + g = 0. List the prime factors of s.
2, 5
Let z be 2/(-12)*-8*21. Suppose -3*s + z = -s + 4*l, -14 = -5*s + 4*l. What are the prime factors of s?
2, 3
Suppose -2*h + 4*c + 14 = 0, -c - 11 = -2*h - 0*c. Suppose -d - 5*i = -3*i - 15, i - 93 = -h*d. List the prime factors of d.
19
Suppose -5*v - w + 64 + 91 = 0, -2*v + 62 = 4*w. What are the prime factors of v?
31
Let d = -1 + 3. Suppose -2*h = 5*b + 17, d*b + 10 = -0. Let n(l) = -l**3 + 3*l**2 + 6*l - 2. List the prime factors of n(h).
2, 3
Let d(y) = -2*y + 6. Let u be d(-6). List the prime factors of (u/(-4))/3*-2.
3
Let j be (52/6)/((-22)/(-33)). Let r(d) = 3*d. List the prime factors of r(j).
3, 13
Suppose -19 + 74 = i. List the prime factors of i.
5, 11
Suppose k + 3*q = -0*k + 42, -2*k - q = -64. Suppose 5*j = -4*w + k, 4*j - 2*w - 24 = -w. List the prime factors of j.
2, 3
Let g(k) = k**3 + k**2 - 2*k. Let b be g(-2). Suppose b*t - 5*t + 25 = 0. Suppose -33 = -j - 4*v, 5*j - 2*v = -t*v + 114. What are the prime factors of j?
3, 7
Let v be (-210)/25 - 2/(-5). List the prime factors of 2/v - (-106)/8.
13
Let h be 6/(-18) + (-4)/6. Let v = 1 - h. Let w = 3 + v. List the prime factors of w.
5
Let j(l) = l - 1. Let n be j(4). Suppose -2*q + 22 = 2*d + 2*d, n*d + 2*q = 19. Suppose -3 = -3*g + d. List the prime factors of g.
2
Suppose -5*q + 3*p + 180 = 0, -2*q = 2*q + p - 127. Let s = q + -17. What are the prime factors of (-2)/6 - s/(-3)?
5
Let l(k) = -k**3 - 4*k**2 - 4*k - 4. Suppose -4*j - q + 0*q = 1, -3*j = -q - 1. Let x be -4 - (0 + j)/(-1). What are the prime factors of l(x)?
2, 3
Let a(v) = -v + 2*v + 0*v + 8 - 4. Let p be a(-4). List the prime factors of p/(6/(-3)) - -4.
2
Suppose 5*r - 1 = -21. Let m(b) be the first derivative of 2*b**3/3 + 3*b**2 - 1. List the prime factors of m(r).
2
Let o = -166 + 239. What are the prime factors of o?
73
Suppose 5*p = 3*h + 383 + 41, -4*p + 4*h = -344. What are the prime factors of p?
83
Suppose 5*x - 336 = -4*k, -4*x = -5*k + 232 + 229. What are the prime factors of k?
89
Let t(d) be the second derivative of 13*d**4/12 + d**3/2 - d**2 - 3*d. List the prime factors of t(1).
2, 7
Let t = -163 + 248. List the prime factors of t.
5, 17
Let p = 0 + 35. What are the prime factors of p?
5, 7
Let l(y) = 2*y**2 - 7*y - 1 + 5 - 6. What are the prime factors of l(6)?
2, 7
Let s = 46 + -13. List the prime factors of s.
3, 11
Let q = 20 - 14. Suppose -2*s - q = -3*k + 11, -4*s = -3*k + 31. Let y = 0 - s. What are the prime factors of y?
7
Let x be (-5)/(-2)*18/15. Suppose 33 = -2*l + x*l. What are the prime factors of l?
3, 11
Suppose 0 - 8 = -5*r - 4*t, -2*t + 2 = 2*r. Suppose r*i = -i. Suppose i = -5*l + 27 - 2. What are the prime factors of l?
5
Let y(i) = i**2 + 2*i - 3. Let s be y(-3). Let l = 32 - s. What are the prime factors of l?
2
Let l(i) = 6*i**2 - 5*i - 1. List the prime factors of l(4).
3, 5
Let v(l) = l**3 + 5*l**2 + 5. What are the prime factors of v(-5)?
5
Suppose 4*t = o - 224, -4*t + 7*t = -o + 259. List the prime factors of o.
2, 61
Suppose 0 = -a - 0*a + 34. What are the prime factors of a?
2, 17
What are the prime factors of ((-4)/10)/(24/390)*-8?
2, 13
Let p = -1 + 5. Let o be (2 - 1) + p/(-4). Suppose 3*g - 24 = -o*g. What are the prime factors of g?
2
Let j(b) = 2*b**2 + 6*b + 15. What are the prime factors of j(-8)?
5, 19
Let r be 0 - (5 - -1)/(-2). Suppose -15 = -5*f + 3*g, g - r = 2. Suppose 4*w = 3*u + 48, 0 = f*w - 4*w - 3*u - 24. List the prime factors of w.
2, 3
Suppose 0 = 8*h - 340 - 1052. What are the prime factors of h?
2, 3, 29
Suppose -3*d - 24 = -4*d. What are the prime factors of d?
2, 3
Let y(x) = 3*x**2 - 18*x + 1. What are the prime factors of y(9)?
2, 41
Let i(y) = -20*y + 1. What are the prime factor